ghest common divisor of 2 and 34?
2
What is the greatest common factor of 180 and 225?
45
What is the highest common factor of 6441 and 19?
19
Calculate the greatest common factor of 1560 and 200.
40
What is the highest common divisor of 27812 and 68?
68
What is the greatest common factor of 32 and 128?
32
Calculate the highest common divisor of 20 and 1780.
20
Calculate the greatest common divisor of 58 and 1856.
58
Calculate the highest common divisor of 1778 and 4572.
254
Calculate the highest common factor of 3 and 468.
3
What is the highest common factor of 15 and 1140?
15
Calculate the greatest common divisor of 2867 and 94.
47
What is the greatest common divisor of 720 and 612?
36
What is the greatest common divisor of 51 and 3?
3
What is the greatest common factor of 282 and 12?
6
Calculate the greatest common factor of 498 and 2241.
249
What is the greatest common divisor of 5353 and 159?
53
Calculate the highest common factor of 320 and 440.
40
Calculate the greatest common divisor of 4 and 1900.
4
What is the highest common divisor of 606 and 24?
6
Calculate the greatest common divisor of 144 and 252.
36
What is the greatest common divisor of 448 and 4?
4
What is the greatest common factor of 6444 and 24?
12
Calculate the highest common divisor of 9800 and 1200.
200
Calculate the highest common factor of 629 and 148.
37
Calculate the highest common factor of 85 and 51.
17
Calculate the highest common divisor of 195 and 156.
39
Calculate the highest common divisor of 15 and 2265.
15
What is the highest common divisor of 9 and 15?
3
Calculate the highest common divisor of 280 and 20.
20
What is the highest common divisor of 70 and 308?
14
Calculate the greatest common divisor of 7 and 721.
7
Calculate the greatest common divisor of 126 and 3570.
42
Calculate the highest common divisor of 70 and 1715.
35
Calculate the highest common divisor of 11 and 187.
11
What is the highest common divisor of 35 and 14?
7
Calculate the greatest common factor of 64 and 656.
16
Calculate the highest common divisor of 494 and 190.
38
What is the greatest common divisor of 13635 and 135?
135
What is the highest common divisor of 15 and 1055?
5
Calculate the greatest common divisor of 24 and 37416.
24
Calculate the highest common divisor of 12886 and 204.
34
Calculate the greatest common divisor of 805 and 35.
35
Calculate the greatest common divisor of 11109 and 23.
23
What is the highest common factor of 360 and 2250?
90
Calculate the highest common divisor of 11 and 946.
11
What is the highest common divisor of 5 and 16?
1
Calculate the highest common factor of 289 and 1734.
289
Calculate the greatest common factor of 45 and 25.
5
What is the highest common factor of 72 and 32?
8
What is the greatest common factor of 2848 and 178?
178
What is the greatest common factor of 645 and 45?
15
What is the highest common factor of 129 and 1075?
43
What is the greatest common factor of 2096 and 80?
16
What is the highest common factor of 88 and 15840?
88
What is the highest common factor of 20 and 340?
20
Calculate the greatest common divisor of 4216 and 187.
17
What is the greatest common factor of 92 and 2300?
92
What is the highest common divisor of 39 and 520?
13
Calculate the greatest common divisor of 2983 and 19.
19
What is the greatest common divisor of 72410 and 130?
130
What is the greatest common divisor of 405 and 30?
15
What is the greatest common divisor of 77 and 49?
7
Calculate the highest common divisor of 24 and 1620.
12
What is the highest common factor of 194 and 1067?
97
Calculate the highest common divisor of 94 and 2115.
47
What is the greatest common divisor of 48 and 498?
6
Calculate the greatest common factor of 12 and 388.
4
Calculate the highest common divisor of 154 and 28.
14
Calculate the highest common factor of 418 and 76.
38
What is the highest common factor of 140 and 315?
35
What is the greatest common factor of 112 and 259?
7
What is the greatest common divisor of 1725 and 400?
25
Calculate the highest common divisor of 105 and 126.
21
Calculate the highest common factor of 384 and 128.
128
Calculate the highest common divisor of 26 and 26.
26
What is the highest common divisor of 432 and 14?
2
Calculate the highest common divisor of 170 and 4335.
85
What is the highest common factor of 204 and 459?
51
What is the highest common factor of 764 and 2865?
191
Calculate the highest common factor of 17 and 11288.
17
Calculate the highest common divisor of 264 and 11176.
88
Calculate the highest common divisor of 30 and 300.
30
Calculate the greatest common divisor of 117 and 243.
9
Calculate the greatest common factor of 1344 and 7.
7
What is the greatest common factor of 14 and 2926?
14
Calculate the highest common factor of 728 and 56.
56
What is the highest common factor of 796 and 8?
4
What is the greatest common divisor of 6 and 858?
6
Calculate the highest common divisor of 45500 and 125.
125
Calculate the highest common factor of 27 and 135.
27
Calculate the highest common factor of 260 and 52.
52
What is the highest common divisor of 30 and 720?
30
What is the highest common factor of 96 and 78?
6
Calculate the highest common divisor of 9 and 217.
1
What is the greatest common divisor of 6298 and 402?
134
Calculate the highest common factor of 4 and 26.
2
Calculate the greatest common factor of 5475 and 584.
73
Calculate the greatest common factor of 102 and 272.
34
What is the greatest common divisor of 97 and 1?
1
Calculate the highest common factor of 29609 and 29.
29
What is the greatest common divisor of 112 and 7?
7
What is the greatest common divisor of 564 and 6?
6
Calculate the greatest common divisor of 2046 and 62.
62
Calculate the highest common factor of 178 and 3026.
178
Calculate the highest common divisor of 3552 and 288.
96
Calculate the greatest common divisor of 954 and 594.
18
What is the highest common factor of 95 and 152?
19
What is the highest common divisor of 370 and 296?
74
Calculate the greatest common factor of 414 and 989.
23
What is the highest common divisor of 3 and 21?
3
What is the greatest common factor of 29 and 29?
29
Calculate the highest common divisor of 46200 and 28.
28
Calculate the highest common divisor of 128 and 112.
16
What is the greatest common divisor of 1024 and 56?
8
Calculate the greatest common divisor of 105 and 84.
21
Calculate the highest common divisor of 942 and 12.
6
What is the greatest common factor of 344 and 43?
43
Calculate the highest common divisor of 2035 and 55.
55
Calculate the highest common divisor of 234 and 72.
18
What is the greatest common factor of 97 and 71392?
97
Calculate the highest common factor of 12 and 10236.
12
Calculate the greatest common divisor of 1981 and 14.
7
What is the greatest common factor of 16 and 2888?
8
Calculate the highest common factor of 4433 and 143.
143
What is the greatest common divisor of 18 and 7533?
9
Calculate the greatest common factor of 24 and 1608.
24
What is the greatest common factor of 1356 and 565?
113
What is the highest common factor of 43 and 172?
43
Calculate the highest common factor of 20 and 100.
20
What is the highest common divisor of 17 and 8874?
17
Calculate the highest common divisor of 3100 and 160.
20
What is the highest common factor of 17931 and 258?
129
What is the greatest common factor of 1260 and 486?
18
Calculate the greatest common divisor of 999 and 37.
37
What is the greatest common factor of 1305 and 75?
15
Calculate the greatest common divisor of 228 and 342.
114
What is the highest common factor of 44 and 5302?
22
What is the highest common factor of 40 and 85?
5
What is the highest common factor of 14 and 434?
14
What is the highest common divisor of 3124 and 11?
11
What is the greatest common divisor of 637 and 49?
49
Calculate the highest common factor of 624 and 5200.
208
Calculate the highest common factor of 72 and 2556.
36
Calculate the highest common factor of 120 and 45.
15
What is the highest common divisor of 26 and 169?
13
Calculate the highest common divisor of 176 and 616.
88
What is the greatest common factor of 20 and 1532?
4
What is the greatest common divisor of 9720 and 432?
216
Calculate the greatest common factor of 147 and 1715.
49
What is the grea